206. What is the units digit of v?
3
Suppose 5*o - 7400 = -3*q, 5*q + 3*o - 4*o = 12352. Suppose -7865 = -13*n - q. What is the hundreds digit of n?
4
Let c(w) = w**3 + 2*w**2 - 43*w + 100. What is the hundreds digit of c(12)?
6
Let m = -10686 - -60798. What is the ten thousands digit of m?
5
Suppose 44*f + 11*f - 71550 = 25*f. What is the tens digit of f?
8
Suppose 6*o + 17 = -37. What is the tens digit of (-17)/o - 2 - (-13062)/189?
6
What is the tens digit of 5046*335/50 + (-2 - (-99)/55)?
0
Suppose 0 = 5*n - 20*n + 952075 - 101905. What is the thousands digit of n?
6
Let v be -108*4/(-6)*6/8. Suppose -72283 = 13*f - v*f. What is the hundreds digit of f?
7
Let x = 2510 - 2593. Let g = 439 + -259. Let j = x + g. What is the units digit of j?
7
Suppose -3*g - 600 = -g. Suppose 3*o + 566 = -x + 65, -3*o = 5*x + 2505. Let c = g - x. What is the units digit of c?
1
Let u = -1211 + 1485. Suppose z = 3*z - 288. Let a = u - z. What is the hundreds digit of a?
1
Let r be -5 + 1 + 11 + -3. Let v be r + (30*2)/(-5). What is the units digit of (31*(1 + -2))/(v/16)?
2
Suppose l = 0, -7*n - 8814 = -10*n - l. Let j = n - 1917. What is the thousands digit of j?
1
Suppose -u = -92 + 100, 0 = 3*k + 3*u - 1146. What is the tens digit of k?
9
Let s be 48*-1*(-29 + -17). Suppose 6*q = 1332 + s. What is the hundreds digit of q?
5
Let c(w) = 170 + 25*w - 14*w**2 + 19*w**2 + 2*w + 28*w**2 + w. What is the tens digit of c(-6)?
9
Let v = 35 - -34. Let a = -8741 + 8742. Suppose 2*y = -4, -2*b + y + a = -v. What is the tens digit of b?
3
Let v be (-8)/3*(-189)/36. Suppose v*y = y + 2483. What is the tens digit of y?
9
Suppose -3*a + 6 = -4*z, 0 = 2*a - 7*a - 3*z + 10. Suppose 4*s - 18 = -a*s. Suppose s*y + 54 = 3*k, -k - 5*y = -3*k + 27. What is the units digit of k?
1
Suppose -478938 + 50202 = -116*d. What is the units digit of d?
6
Let u = -24 - -15. Let x be (-6279)/u - 28/(-21). Let k = x + -495. What is the units digit of k?
4
Let f be 42/98 + 50/14 + -2. Suppose f*b - 1 = -y + 11, -3*y + 4*b = 14. Suppose 5 = -2*m + y*p + 31, -p - 2 = 0. What is the units digit of m?
1
Let v be (5/(-5))/(2 + -1)*-317. Suppose -2*m - 1317 - v = 0. What is the units digit of m/(-9) - (-30)/135?
1
Suppose 12287 - 38312 = -25*d. What is the units digit of d?
1
Suppose -8*q + 283 - 251 = 0. Suppose 3*t - 8*p + 10*p = 1803, 12 = -q*p. What is the units digit of t?
3
Suppose 4*z - 338813 = -9*j, 7*j - 4*z + 188233 = 12*j. What is the thousands digit of j?
7
Suppose 8*p + 456 = -264. Let r = p + 300. Suppose -h + r = 4*j, -3*j = 5*h - 900 - 150. What is the units digit of h?
0
Suppose 148*g + 58691 = 167*g. What is the hundreds digit of g?
0
Let v(r) = 63*r**3 - r**2 + 9*r - 29. Let i(k) = -125*k**3 + 2*k**2 - 18*k + 57. Let o(s) = -4*i(s) - 7*v(s). What is the tens digit of o(3)?
8
Let a be 1/(-6 + 721/119). Suppose -c + 3*j + 679 = 0, -12*c + a*c + 5*j = 3475. What is the units digit of c?
1
What is the units digit of (1616/(-176) - (-6)/33)*(-952 + -1)?
7
Let u be (-6)/14 + ((-195)/35 - -5). Let s be ((-77 + -4)/3)/u. What is the units digit of (-816)/(-10) + (s/15)/(-3)?
1
Suppose 140*j - 2293419 = 2937332 - 799751. What is the hundreds digit of j?
6
Suppose 0 = y - 4, -4*m - y - 4120 = -71908. What is the tens digit of m?
4
What is the units digit of ((-2396859)/(-135) - 2/18) + (-18)/(-30)?
5
Suppose 4 = -2*u - 18. Let d = 503 - 495. What is the units digit of ((-38)/d)/(u/88)?
8
What is the tens digit of (703/(-74) + 7)*((-78698)/10 + 1)?
7
Let c(k) = 2*k + 23. Let r = 92 + -60. Let m = 41 - r. What is the units digit of c(m)?
1
Let l(j) be the second derivative of -2*j**3/3 - 3*j**2/2 - j. Let q be l(0). What is the units digit of (q/(-9) + 1)*3?
4
Let i = 76595 - 49915. What is the thousands digit of i?
6
Let o = 22225 - 7987. What is the hundreds digit of o?
2
Let k(i) = 161*i + 5. Let s be k(-2). Let x = 343 - s. Suppose 5*q - x = -q. What is the hundreds digit of q?
1
Suppose 0 = 1266*h - 1271*h + 4*c + 36287, -4*h = c - 29017. What is the thousands digit of h?
7
Suppose b - 10389 = -3*z, -2*b + 165*z - 168*z + 20793 = 0. What is the units digit of b?
4
Suppose -t - 5*j + 5 = 0, 2*t + 1 = -2*j + 19. Suppose 2*o + y = 1586, -5*o = -4*y + 2*y - 3965. Suppose -43 + o = t*r. What is the tens digit of r?
7
Suppose -4*s - 3*f + 35 = 0, 2*f - 20 = -2*s - 0*f. Suppose -b - 5*p + 386 = 0, 2105 = s*b - p + 71. What is the tens digit of b?
0
Let t(i) = -11*i**3 + 17*i. Let k be t(-5). Suppose k - 154 = 4*h. What is the hundreds digit of h?
2
Suppose 5*h = 2*g - 4*g + 143, -4*h + 4*g + 92 = 0. Suppose 24*c + 237 = h*c. What is the units digit of (-5 - -4) + 1 + c?
9
Let p(n) = 3*n**3 - 14*n**2 - 4*n - 9. Let x be p(5). Let s(g) = -g**2 + 2 - 10 + 6 - 15*g - 4. What is the tens digit of s(x)?
3
What is the units digit of ((-35)/(-42))/((3/(-4))/((-443529)/6))?
5
Suppose 6*p - 17300 = 2*x, 0*p = 2*p + 3*x - 5785. What is the hundreds digit of p?
8
Suppose 6*h + 7*h = 479938 - 5399. What is the hundreds digit of h?
5
Let w(t) = 213*t + 68. Let y be w(4). Let b = -591 + y. What is the units digit of b?
9
Suppose -p - 6 = 2*w + 110, 15 = 3*w. Let v = 287 - 314. Let i = v - p. What is the units digit of i?
9
Let y = -2 + 0. Let s(h) = -8*h + 2. Let d(r) = -28*r + 7. Let m(u) = d(u) - 3*s(u). What is the units digit of m(y)?
9
Let k(u) = -u**3 + 4*u**2 - 2*u + 682. Let z be k(0). Let d = z - 569. What is the hundreds digit of d?
1
Let s(b) = 892*b**2 - 3*b + 5. Let j be s(1). Suppose 20*n + j = 22*n. What is the hundreds digit of n?
4
Suppose -78250 = -3*j - 5*k, 38531 = 4*j + 2*k - 65835. What is the hundreds digit of j?
0
Let l be 2 + -5 - 7*-1. Let p be 10/(-5) + l + 3. Suppose -10 = -3*z + 5*a, -14 = -2*z + a - p*a. What is the units digit of z?
5
Suppose 14287 = -11*k + 849990. What is the units digit of k?
3
Let u = -9277 - -27616. What is the ten thousands digit of u?
1
Suppose -522*a + 7518743 = -29*a. What is the hundreds digit of a?
2
Suppose -3*c = -4*c + 82. Let t = 105 - c. Suppose -137 = -v - t. What is the hundreds digit of v?
1
Let k be (218 + 9/1)*(-2)/2. Let n = k + 402. What is the tens digit of n?
7
Let h = -252 + 668. Suppose -415*c - 406 = -h*c. What is the units digit of c?
6
Let o(y) = 1. Let p(q) = -q. Let t(b) = -o(b) - p(b). Let c be t(4). Suppose c*x - 38 - 214 = 0. What is the units digit of x?
4
Suppose -28*c + 974509 = -150702 - 47821. What is the tens digit of c?
9
Let q be (1168/24)/(2/(-3)). Suppose 2*i = -2*s + 338, 5 = 2*i + 3*i. Let g = s + q. What is the units digit of g?
5
Suppose -36*y = -39*y + 459. Let c be 4/34 - 8586/y. Let s = c + 246. What is the units digit of s?
0
Let o(k) be the third derivative of -59*k**5/120 - k**4/4 + 13*k**3/6 - 11*k**2. Let y(i) be the first derivative of o(i). What is the tens digit of y(-1)?
5
Let h be (-873)/(-12) - 2/(-8). Let w = h - 63. What is the tens digit of (61 - 2)/(-2 + w/4)?
1
Let g(a) = -a**3 - 12*a**2 - 9*a + 22. Let z be g(-11). Let b(r) = r + 6. Let k be b(-3). Suppose w + 1 = z, k*o - w - 419 = w. What is the hundreds digit of o?
1
Suppose 0 = -5*g + 3*k + 3395, g - 2*k - 208 = 471. Suppose 4*n - g = 581. Suppose 3*s + 24 = n. What is the units digit of s?
7
Let x = 58 - 53. Suppose 2*t - 228 = a, x*t - 119 - 425 = -4*a. What is the hundreds digit of t?
1
Suppose 0 = -7*d + 623 + 665. Suppose -d = 12*b - 676. What is the tens digit of b?
4
Suppose 0*g + 3*r - 164460 = -3*g, 0 = 5*g + 3*r - 274106. What is the units digit of g?
3
Suppose -6*t = -2*t - 64. Let h = 21273 + -10341. What is the tens digit of 2/t - h/(-96)?
1
Let l(y) = -4*y + 15. Let j = -8 - -1. Let h be l(j). Let c = 87 - h. What is the tens digit of c?
4
Suppose 12 = -12*b + 36. Let m(w) = 3*w - 1833 + 6*w**2 + 1835 - w**b. What is the hundreds digit of m(5)?
1
Suppose -22*h - 17*h + 1368820 = 511834. What is the tens digit of h?
7
Let c(y) = 105*y. Let g be c(6). Let x = -440 + g. What is the hundreds digit of x?
1
Let r be 2/(14/(-176057)*-7). Suppose 0 = 17*s - 1796 - r. What is the units digit of s?
7
Let y(p) = -3*p**3 - 4*p**2 - 6*p + 6. Let s(l) = -2*l**3 - 4*l**2 - 5*l + 5. Let c(h) = 6*s(h) - 5*y(h). Suppose 267 = d + 263. What is the tens digit of c(d)?
2
Let w be ((-61)/(-4))/(12/48). Suppose -55*u = -w*u + 1446. What is th